 prime factors of r(o).
2, 3
Suppose -3*i = -w - 149, 72 = 2*i + 4*w - 4. Suppose -4*q + i = -2*d - d, 2*d - 36 = -3*q. What are the prime factors of (1 - q)*(-2 - 0)?
2, 11
Let b(o) = -o**3 - 6*o**2 - 6*o - 3. Let u be b(-5). Suppose -3*d + 122 = -3*n + 2*n, -4*n = -u*d + 68. List the prime factors of d.
2, 3, 7
Let d(x) = 2*x**3 + 88*x**2 + 74*x - 95. What are the prime factors of d(-43)?
421
Suppose 15*t = 3 + 42. Suppose 117 = 4*u + n, -4*u - 4*n + 27 + 81 = 0. Suppose -j + 10 = l, -t*l + 2*l + u = -4*j. List the prime factors of l.
2, 7
Let t(s) = s + 15. Let b be t(-11). Suppose 164 = b*n + 5*h - 4, 0 = 4*n - 4*h - 168. List the prime factors of n.
2, 3, 7
Let o be (-65)/15 + 4/(-6). Let h(m) = -m**2 - 5*m + 9. Let f be h(o). What are the prime factors of 41/3*27/f?
41
Let y(z) = -z**3 + 2*z**2 - 11*z + 863. What are the prime factors of y(0)?
863
Let v be 5 + (1 - (4 + 0) - -2). Suppose 0 = q + 3*d + 2*d - 97, q - v*d - 133 = 0. What are the prime factors of q?
3, 13
Suppose 0 = 15*o - 5050 - 4580. List the prime factors of o.
2, 3, 107
Suppose 0 = t - 585 + 68. Suppose 3*u + 5*k + t = 0, 4*u + 509 + 185 = -2*k. Let q = -123 - u. What are the prime factors of q?
3, 17
Suppose -5*w = -5055 - 395. What are the prime factors of w?
2, 5, 109
What are the prime factors of (0 - (-3338)/14) + (-33)/77?
2, 7, 17
Suppose -n + 16 = 3*n. Suppose 4*l = 12 + n. Suppose l*c - 125 + 9 = 4*o, 2*c = -o + 46. What are the prime factors of c?
5
Let b(u) = -u**3 + 8*u**2 + u - 11. Let l be b(8). What are the prime factors of (l/2)/((-21)/56)?
2
Suppose 2*u = a - 4*a + 121, 0 = -4*u + 5*a + 187. List the prime factors of u.
53
Suppose -644 = -6*z - 98. List the prime factors of z.
7, 13
Let s = -26 + 68. Let k = 55 - s. List the prime factors of k.
13
Let s(b) = -b**3 + 4*b**2 - 2. Let p be s(5). Let i(u) = u**2 + 26*u + 66. What are the prime factors of i(p)?
3, 31
Suppose 2*k - 2162 = -4*i, -11*i = k - 7*i - 1089. What are the prime factors of k?
29, 37
Let u(d) = d**2 - 3*d + 7. Let p be 3 - -1 - (8 - 9). Suppose 29 = p*b + 4. List the prime factors of u(b).
17
Let q(c) = -1009*c + 70. List the prime factors of q(-2).
2, 3, 29
Let p = 11 - 28. Let b = 20 + p. Suppose 3*z - 84 = -b*h, 2*h + 54 = 3*z - h. List the prime factors of z.
23
Suppose -2*v - 25 = -5*q, -3*q - 7*v + 19 = -9*v. Let x(j) = 2*j - 4 + 1 + 7. List the prime factors of x(q).
2, 5
Let p(y) = y**2 - 5*y + 7. Let g(n) = -3*n - 4. Let z(c) = -4*c**3 + 3*c - 2. Let i be z(1). Let f be g(i). List the prime factors of p(f).
7
Let s = 18 - 20. List the prime factors of (8/(-12))/(s/144).
2, 3
Let x(y) = y**2 - 11*y - 29. What are the prime factors of x(18)?
97
Let f = 6104 + -3323. What are the prime factors of f?
3, 103
Let j(i) = -125*i - 8. Let t be j(-6). Let w = t - 525. What are the prime factors of w?
7, 31
Let w(r) be the third derivative of 0*r + 5*r**2 + 1/8*r**4 - 1/2*r**3 + 0. List the prime factors of w(2).
3
Suppose 6*j = -0*j - 132. Let c be (j/55)/((-2)/2060). Suppose -5*x - a - 11 = -407, -c = -5*x + 3*a. What are the prime factors of x?
2, 5
Let g(o) = -o**3 - 13*o**2 - 13*o - 15. Let h be g(-12). What are the prime factors of 1 - 6*(h - -2)?
7
Suppose -5*a + 10 = 0, -5*s - a + 3512 + 1535 = 0. What are the prime factors of s?
1009
Let n(k) = -1981*k + 52. List the prime factors of n(-1).
19, 107
Suppose 5*y - 23 = 67. Let g = y + 12. Let k = g + -9. What are the prime factors of k?
3, 7
Suppose 5*h + 53 = 153. Let i be 36/h + (-2)/(-10). Suppose i*v + 9 = 3*v. What are the prime factors of v?
3
List the prime factors of 510 - (5 - 3)*(2 - -1).
2, 3, 7
Suppose 19 + 27 = 3*k - m, -5*m + 10 = 0. Let s be -4 + 2/(-1) + 2. List the prime factors of 282/s*k/(-24).
47
Let r = 97 + -94. Suppose r*z + 1 = 112. What are the prime factors of z?
37
Let p(i) = 6*i**2 + 2*i + 1. Let h be p(-1). Suppose 5*a - 290 = -5*g, 2*a + 12 = h*g + 93. List the prime factors of a.
53
Let c(t) = 8*t**2 - 7*t - 34. List the prime factors of c(-11).
3, 337
Suppose 0 = -3*j - j. Suppose -66 = -3*z - j*z. What are the prime factors of z?
2, 11
Let p be 9/((-90)/4) - 294/(-10). Let s(c) = c**2 - 3*c - 2. Let u be s(4). Suppose -p - 12 = -u*y + g, 6 = -2*g. What are the prime factors of y?
19
Suppose -2*c - 4*t + 3149 = 721, -3687 = -3*c + 3*t. What are the prime factors of c?
2, 3, 17
Suppose -4*w = -4*z - 7760, 2*z = w - 2332 + 391. What are the prime factors of w?
7, 277
Let o be -19 - 3/(2 + -1). Let x = o + -3. Let v = 64 + x. List the prime factors of v.
3, 13
Let c(z) = z + 17. Let s be c(-9). Suppose -s*p + 5*p + 147 = 0. What are the prime factors of p?
7
Suppose 30 = 6*f - f + i, 5*f - 30 = -5*i. Suppose 4*t - 23 = -3*l, 20 = -2*t + f*t. Suppose -j - 4*n - l = -27, 0 = 3*n - 3. List the prime factors of j.
2, 11
List the prime factors of (7/21)/((-178)/90 - -2).
3, 5
Let b = 1 + 3. Suppose 3*u = 5*u - b. List the prime factors of (-1 + u)/(2/22).
11
Let b(w) = -245*w - 567. What are the prime factors of b(-5)?
2, 7, 47
Let t be 3 - 0 - 2*-1. Let n = t - 5. Suppose n = -2*b + b, -4*b - 25 = -m. What are the prime factors of m?
5
Let f(k) = -k**2 + 39*k - 97. List the prime factors of f(25).
11, 23
Suppose -9*k + 66 = -123. Suppose -k = -i - 2*i. What are the prime factors of i?
7
Suppose 2*k + 1 = 5. Suppose k*l = 3*l. Suppose -d = -l*d - 69. List the prime factors of d.
3, 23
Let d(q) = -4 - 5 + 16 + 6*q + 11*q**2. Let y be d(-3). Suppose -2*v - 2*v = -y. What are the prime factors of v?
2, 11
Suppose -u + 572 = u. Let r = u + -133. What are the prime factors of r?
3, 17
Suppose -37 = 2*q + 41. Let i = q + 10. Let k = 22 - i. What are the prime factors of k?
3, 17
Let t(o) = -o**2 - 4*o + 3. Let s be t(-4). Suppose -s*b - 2 = -23. Suppose 0 = -3*h + b + 5. What are the prime factors of h?
2
Let v be (-2 - 36)/(4 - 2). Let w(j) = j**3 + 20*j**2 + 11*j + 20. List the prime factors of w(v).
2, 43
Let x = 548 - -300. What are the prime factors of x?
2, 53
Let o(j) = j**3 + 5*j**2 - 14*j - 5. Let p(k) = -7*k + 29. Let l be p(5). List the prime factors of o(l).
43
Suppose 4*p = b - 47, -4*b = -2*b - p - 59. Let k be (-7 - 6)/(-1) - -1. Let s = b - k. List the prime factors of s.
13
Let n = -34 - -43. Suppose -90 = -n*a + 3*a. What are the prime factors of a?
3, 5
Suppose 0 = 3*t - 4*f - 6819, -3*t + 6648 + 153 = 2*f. What are the prime factors of t?
2269
List the prime factors of (-174)/(-232) + (-4649)/(-4).
1163
What are the prime factors of 225117/72 + 3 + 3/8?
2, 5, 313
Suppose -8*d - 35 = 109. Let u(g) = -7*g + 33. What are the prime factors of u(d)?
3, 53
Let a(s) = 810*s**2 - 5*s - 4. What are the prime factors of a(-1)?
811
Let b(d) = 27*d. Let q be b(3). Let m = q + -17. Let f = m - 45. List the prime factors of f.
19
Let r(f) = 9*f**2 - 47*f + 17. List the prime factors of r(-6).
7, 89
Let w(y) = 3*y + 3. Let d be w(-2). Let q be (-2 - d) + 36 + 1. Let n = q - 16. List the prime factors of n.
2, 11
Suppose -2*u + 4*z = -26, -5 = -u + 3*z + 3. Let h = u + 37. List the prime factors of h.
2, 3, 5
Let j be (4/7)/(42/147). Suppose 5*n + 0*f - 316 = j*f, n - 50 = -4*f. What are the prime factors of n?
2, 31
Let g(k) = k**2 - 14*k - 6. Let z be g(14). What are the prime factors of (-8)/(-24) + (-172)/z?
29
Suppose -t - 5 = 1. Let h = t - -8. What are the prime factors of ((-1)/(-2))/(h/48)?
2, 3
Let b be (9/(-15))/((-8)/120). Let w = b + 18. List the prime factors of w.
3
Suppose -16*o - 125685 = -79*o. List the prime factors of o.
3, 5, 7, 19
Let m = 2822 + -1572. What are the prime factors of m?
2, 5
Let p = 232 - 91. What are the prime factors of p?
3, 47
Suppose -2*p - 2*p = -24. Let g = -4 + p. Suppose 29 = 3*b - g*u - 2*u, 0 = 3*b - 2*u - 37. What are the prime factors of b?
3, 5
Let i = 29 - 13. Suppose -2*x + 10 = -2*m, 0 = -2*x + m + 3*m + i. Suppose 32 = h + 3*q, -38 = -x*h + h + 3*q. List the prime factors of h.
5, 7
Let f(m) = m**2 + 9*m + 5. Let r be f(-9). Suppose 12 = -4*l, a + r*l - 98 = 39. What are the prime factors of a?
2, 19
List the prime factors of 8/1 + (38 - -1972).
2, 1009
Let m be (153/12 - 2) + 12/(-16). What are the prime factors of (916/m)/(6/15)?
229
List the prime factors of 80/(-24)*((-10812)/15 + 2).
2, 599
Let a = 2276 + -1502. List the prime factors of a.
2, 3